{"id":27,"date":"2025-05-31T22:46:21","date_gmt":"2025-05-31T20:46:21","guid":{"rendered":"https:\/\/xn--reflexvst-12a.se\/?post_type=product&#038;p=27"},"modified":"2025-05-31T23:00:51","modified_gmt":"2025-05-31T21:00:51","slug":"reflexvast-pro","status":"publish","type":"product","link":"https:\/\/xn--reflexvst-12a.se\/index.php\/product\/reflexvast-pro\/","title":{"rendered":"Reflexv\u00e4st Pro"},"content":{"rendered":"<p>Gul eller orange reflexv\u00e4st med blixtl\u00e5s.<\/p>\n<p>M\u00f6jlighet till tryck p\u00e5 enf\u00e4rgad platta &#8211; se exempel.<\/p>\n","protected":false},"excerpt":{"rendered":"<p>Gul eller orange reflexv\u00e4st med blixtl\u00e5s. M\u00f6jlighet till tryck p\u00e5 enf\u00e4rgad platta &#8211; se exempel.<\/p>\n","protected":false},"featured_media":30,"comment_status":"open","ping_status":"closed","template":"","meta":[],"product_brand":[],"product_cat":[15],"product_tag":[],"class_list":{"0":"post-27","1":"product","2":"type-product","3":"status-publish","4":"has-post-thumbnail","6":"product_cat-uncategorized","8":"first","9":"instock","10":"shipping-taxable","11":"purchasable","12":"product-type-variable"},"_links":{"self":[{"href":"https:\/\/xn--reflexvst-12a.se\/index.php\/wp-json\/wp\/v2\/product\/27","targetHints":{"allow":["GET"]}}],"collection":[{"href":"https:\/\/xn--reflexvst-12a.se\/index.php\/wp-json\/wp\/v2\/product"}],"about":[{"href":"https:\/\/xn--reflexvst-12a.se\/index.php\/wp-json\/wp\/v2\/types\/product"}],"replies":[{"embeddable":true,"href":"https:\/\/xn--reflexvst-12a.se\/index.php\/wp-json\/wp\/v2\/comments?post=27"}],"wp:featuredmedia":[{"embeddable":true,"href":"https:\/\/xn--reflexvst-12a.se\/index.php\/wp-json\/wp\/v2\/media\/30"}],"wp:attachment":[{"href":"https:\/\/xn--reflexvst-12a.se\/index.php\/wp-json\/wp\/v2\/media?parent=27"}],"wp:term":[{"taxonomy":"product_brand","embeddable":true,"href":"https:\/\/xn--reflexvst-12a.se\/index.php\/wp-json\/wp\/v2\/product_brand?post=27"},{"taxonomy":"product_cat","embeddable":true,"href":"https:\/\/xn--reflexvst-12a.se\/index.php\/wp-json\/wp\/v2\/product_cat?post=27"},{"taxonomy":"product_tag","embeddable":true,"href":"https:\/\/xn--reflexvst-12a.se\/index.php\/wp-json\/wp\/v2\/product_tag?post=27"}],"curies":[{"name":"wp","href":"https:\/\/api.w.org\/{rel}","templated":true}]}}