{"id":80,"date":"2025-05-31T23:10:55","date_gmt":"2025-05-31T21:10:55","guid":{"rendered":"https:\/\/xn--reflexvst-12a.se\/?post_type=product&#038;p=80"},"modified":"2025-05-31T23:11:14","modified_gmt":"2025-05-31T21:11:14","slug":"reflexvast-basic-2","status":"publish","type":"product","link":"https:\/\/xn--reflexvst-12a.se\/index.php\/product\/reflexvast-basic-2\/","title":{"rendered":"Reflexv\u00e4st Basic"},"content":{"rendered":"<p>Gr\u00f6n reflexv\u00e4st med kardborrekn\u00e4ppning fram.<\/p>\n<p>M\u00f6jlighet till enf\u00e4rgat tryck p\u00e5 rygg och br\u00f6st.<\/p>\n","protected":false},"excerpt":{"rendered":"<p>Gr\u00f6n reflexv\u00e4st med kardborrekn\u00e4ppning fram. M\u00f6jlighet till enf\u00e4rgat tryck p\u00e5 rygg och br\u00f6st.<\/p>\n","protected":false},"featured_media":76,"comment_status":"open","ping_status":"closed","template":"","meta":[],"product_brand":[],"product_cat":[15],"product_tag":[],"class_list":{"0":"post-80","1":"product","2":"type-product","3":"status-publish","4":"has-post-thumbnail","6":"product_cat-uncategorized","8":"first","9":"instock","10":"shipping-taxable","11":"purchasable","12":"product-type-simple"},"_links":{"self":[{"href":"https:\/\/xn--reflexvst-12a.se\/index.php\/wp-json\/wp\/v2\/product\/80","targetHints":{"allow":["GET"]}}],"collection":[{"href":"https:\/\/xn--reflexvst-12a.se\/index.php\/wp-json\/wp\/v2\/product"}],"about":[{"href":"https:\/\/xn--reflexvst-12a.se\/index.php\/wp-json\/wp\/v2\/types\/product"}],"replies":[{"embeddable":true,"href":"https:\/\/xn--reflexvst-12a.se\/index.php\/wp-json\/wp\/v2\/comments?post=80"}],"wp:featuredmedia":[{"embeddable":true,"href":"https:\/\/xn--reflexvst-12a.se\/index.php\/wp-json\/wp\/v2\/media\/76"}],"wp:attachment":[{"href":"https:\/\/xn--reflexvst-12a.se\/index.php\/wp-json\/wp\/v2\/media?parent=80"}],"wp:term":[{"taxonomy":"product_brand","embeddable":true,"href":"https:\/\/xn--reflexvst-12a.se\/index.php\/wp-json\/wp\/v2\/product_brand?post=80"},{"taxonomy":"product_cat","embeddable":true,"href":"https:\/\/xn--reflexvst-12a.se\/index.php\/wp-json\/wp\/v2\/product_cat?post=80"},{"taxonomy":"product_tag","embeddable":true,"href":"https:\/\/xn--reflexvst-12a.se\/index.php\/wp-json\/wp\/v2\/product_tag?post=80"}],"curies":[{"name":"wp","href":"https:\/\/api.w.org\/{rel}","templated":true}]}}